{"id":1417,"date":"2018-06-15T16:22:28","date_gmt":"2018-06-15T19:22:28","guid":{"rendered":"http:\/\/rehabitare.direito.ufmg.br\/?page_id=1417"},"modified":"2022-06-09T21:12:43","modified_gmt":"2022-06-10T00:12:43","slug":"referencias","status":"publish","type":"page","link":"https:\/\/rehabitare.direito.ufmg.br\/?page_id=1417","title":{"rendered":"REFER\u00caNCIAS"},"content":{"rendered":"<ul>\n<li>BELO HORIZONTE. <a href=\"https:\/\/www.cmbh.mg.gov.br\/atividade-legislativa\/pesquisar-legislacao\/lei-organica\" target=\"_blank\" rel=\"noopener\">Lei Org\u00e2nica do Munic\u00edpio de Belo Horizonte, 1990.<\/a><\/li>\n<li>BRASIL. <a href=\"https:\/\/www.gov.br\/mdh\/pt-br\/assuntos\/noticias\/todas-as-noticias\/2018\/outubro\/resolucao-para-garantia-de-direitos-humanos-em-situacoes-de-conflitos-por-terra-e-aprovada-pelo-conselho-nacional-dos-direitos-humanos\/copy_of_Resoluon10Resoluosobreconflitospossessriosruraiseurbanos.pdf\" target=\"_blank\" rel=\"noopener\">Resolu\u00e7\u00e3o 10 do Conselho Nacional de Direitos Humanos, de 17 out. 2018<\/a>.<\/li>\n<li>BRASIL. <a href=\"http:\/\/www.planalto.gov.br\/ccivil_03\/constituicao\/constituicaocompilado.htm\" target=\"_blank\" rel=\"noopener\">Constitui\u00e7\u00e3o Federal, 1988<\/a><\/li>\n<li>BRASIL. <a href=\"http:\/\/www.planalto.gov.br\/ccivil_03\/decreto\/1990-1994\/d0591.htm\" target=\"_blank\" rel=\"noopener\">Decreto 591\/92<\/a>.<\/li>\n<li>BRASIL. <a href=\"http:\/\/www.planalto.gov.br\/ccivil_03\/Leis\/leis_2001\/L10257.htm\" target=\"_blank\" rel=\"noopener\">Lei 10.257\/01<\/a>.<\/li>\n<li>BRASIL. <a href=\"http:\/\/www.planalto.gov.br\/ccivil_03\/mpv\/2220.htm\" target=\"_blank\" rel=\"noopener\">MP 2.220\/01<\/a>.<\/li>\n<li>BRASIL \u2013 MINIST\u00c9RIO DAS CIDADES. <a href=\"http:\/\/www.cidades.gov.br\/images\/stories\/ArquivosCidades\/PAC\/Manuais-Gerais-PAC\/portaria21.pdf\" target=\"_blank\" rel=\"noopener\">Portaria 21\/14.<\/a><\/li>\n<li>BRASIL &#8211; CONAMA. <a href=\"http:\/\/www.mma.gov.br\/port\/conama\/legislacao\/CONAMA_RES_CONS_1986_001.pdf\" target=\"_blank\" rel=\"noopener\">Resolu\u00e7\u00e3o 01\/86<\/a>.<\/li>\n<li>MPF \u2013 <a href=\"http:\/\/www.prmg.mpf.mp.br\/prdc\/recomendacoes\/recd-67-copa_ministerio-das-cidades_deslocamentos-forcados\/arquivo\" target=\"_blank\" rel=\"noopener\">PROCURADORIA REGIONAL DOS DIREITOS DO CIDAD\u00c3O (MG). Recomenda\u00e7\u00e3o n\u00ba 67<\/a>, de 03 de maio de 2013.<\/li>\n<li>MPF \u2013 <a href=\"http:\/\/www.mpf.mp.br\/mg\/sala-de-imprensa\/docs\/acp-aglomerado-santa-lucia\" target=\"_blank\" rel=\"noopener\">PROCURADORIA REGIONAL DOS DIREITOS DO CIDAD\u00c3O (MG). A\u00e7\u00e3o Civil P\u00fablica<\/a>. 28 jul. 2016.<\/li>\n<li>NACIONES UNIDAS &#8211; CONSEJO DE DERECHOS HUMANOS. <a href=\"http:\/\/www2.ohchr.org\/spanish\/bodies\/hrcouncil\/docs\/A.RES.60.251._Sp.pdf\" target=\"_blank\" rel=\"noopener\">Aplicaci\u00f3n de la Resoluci\u00f3n 60\/251 de la Asamblea General, de 15 de marzo de 2006<\/a> titulada &#8220;Consejo de Derechos Humanos, 05 fev. 2007.<\/li>\n<li>NACIONES UNIDAS &#8211;<a href=\"https:\/\/documents.un.org\/prod\/ods.nsf\/home.xsp\" target=\"_blank\" rel=\"noopener\"> CONSEJO DE DERECHOS HUMANOS. Resoluci\u00f3n 13\/10<\/a>, 2010.<\/li>\n<li>ONU &#8211; <a href=\"http:\/\/www.direitoamoradia.fau.usp.br\/wp-content\/uploads\/2012\/05\/General-Comment-7.pdf\" target=\"_blank\" rel=\"noopener\">COMIT\u00ca SOBRE OS DIREITOS ECON\u00d4MICOS, SOCIAIS E CULTURAIS. Coment\u00e1rio Geral n\u00ba 07<\/a>, 1997.<\/li>\n<li>ONU HABITAT. <a href=\"https:\/\/www.ohchr.org\/Documents\/Publications\/FS25.Rev.1_sp.pdf\" target=\"_blank\" rel=\"noopener\">Desalojos forzosos. Folleto Informativo<\/a>, n\u00ba 25\/Rev 1, 2014.<\/li>\n<li>SUPERIOR TRIBUNAL DE JUSTI\u00c7A. <a href=\"https:\/\/stj.jusbrasil.com.br\/jurisprudencia\/23987291\/recurso-especial-resp-1217234-pb-2010-0181699-2-stj\/inteiro-teor-23987292\" target=\"_blank\" rel=\"noopener\">RESP 1.217.234. 1\u00aa Se\u00e7\u00e3o. Rel. Ari<\/a><br \/>\nPargendler, 14 ago. 2013.<\/li>\n<li>UNITED NATIONS &#8211; <a href=\"https:\/\/www.google.com.br\/url?sa=t&amp;rct=j&amp;q=&amp;esrc=s&amp;source=web&amp;cd=1&amp;cad=rja&amp;uact=8&amp;ved=0ahUKEwjlsfbHk-PUAhXGgZAKHX0fAYAQFggsMAA&amp;url=http%3A%2F%2Fap.ohchr.org%2FDocuments%2FE%2FCHR%2Fresolutions%2FE-CN_4-RES-1993-77.doc&amp;usg=AFQjCNGIb7h-W__UX9OxI8E7h2HytTaC7Q\" target=\"_blank\" rel=\"noopener\">COMMISSION ON HUMAN RIGHTS. Resolution 1993\/77<\/a>, 1993.<\/li>\n<\/ul>\n","protected":false},"excerpt":{"rendered":"<p>BELO HORIZONTE. Lei Org\u00e2nica do Munic\u00edpio de Belo Horizonte, 1990. BRASIL. Resolu\u00e7\u00e3o 10 do Conselho Nacional de Direitos Humanos, de 17 out. 2018. BRASIL. Constitui\u00e7\u00e3o [&hellip;] <span class=\"read-more-link\"><a class=\"read-more\" href=\"https:\/\/rehabitare.direito.ufmg.br\/?page_id=1417\">Read More<\/a><\/span><\/p>\n","protected":false},"author":1,"featured_media":0,"parent":0,"menu_order":0,"comment_status":"closed","ping_status":"closed","template":"","meta":{"footnotes":""},"class_list":["post-1417","page","type-page","status-publish","hentry"],"_links":{"self":[{"href":"https:\/\/rehabitare.direito.ufmg.br\/index.php?rest_route=\/wp\/v2\/pages\/1417"}],"collection":[{"href":"https:\/\/rehabitare.direito.ufmg.br\/index.php?rest_route=\/wp\/v2\/pages"}],"about":[{"href":"https:\/\/rehabitare.direito.ufmg.br\/index.php?rest_route=\/wp\/v2\/types\/page"}],"author":[{"embeddable":true,"href":"https:\/\/rehabitare.direito.ufmg.br\/index.php?rest_route=\/wp\/v2\/users\/1"}],"replies":[{"embeddable":true,"href":"https:\/\/rehabitare.direito.ufmg.br\/index.php?rest_route=%2Fwp%2Fv2%2Fcomments&post=1417"}],"version-history":[{"count":20,"href":"https:\/\/rehabitare.direito.ufmg.br\/index.php?rest_route=\/wp\/v2\/pages\/1417\/revisions"}],"predecessor-version":[{"id":3365,"href":"https:\/\/rehabitare.direito.ufmg.br\/index.php?rest_route=\/wp\/v2\/pages\/1417\/revisions\/3365"}],"wp:attachment":[{"href":"https:\/\/rehabitare.direito.ufmg.br\/index.php?rest_route=%2Fwp%2Fv2%2Fmedia&parent=1417"}],"curies":[{"name":"wp","href":"https:\/\/api.w.org\/{rel}","templated":true}]}}