{"id":241,"date":"2018-01-17T13:14:24","date_gmt":"2018-01-17T15:14:24","guid":{"rendered":"http:\/\/150.164.250.80\/rehabitare\/?page_id=241"},"modified":"2018-04-19T12:42:04","modified_gmt":"2018-04-19T15:42:04","slug":"concessao-de-direito-real-de-uso","status":"publish","type":"page","link":"https:\/\/rehabitare.direito.ufmg.br\/?page_id=241","title":{"rendered":"Concess\u00e3o de Direito Real de Uso"},"content":{"rendered":"<p style=\"text-align: justify;\"><span style=\"font-weight: 400;\">\u00c9 institu\u00edda a concess\u00e3o de uso de terrenos p\u00fablicos ou particulares remunerada ou gratuita, por tempo certo ou indeterminado, como direito real resol\u00favel, para fins espec\u00edficos de regulariza\u00e7\u00e3o fundi\u00e1ria de interesse social, urbaniza\u00e7\u00e3o, industrializa\u00e7\u00e3o, edifica\u00e7\u00e3o, cultivo da terra, aproveitamento sustent\u00e1vel das v\u00e1rzeas, preserva\u00e7\u00e3o das comunidades \u00a0tradicionais e seus meios de subsist\u00eancia ou outras modalidades de interesse social em \u00e1reas urbanas. \u00a0\u00a0\u00a0\u00a0\u00a0\u00a0<\/span><\/p>\n<p style=\"text-align: justify;\"><span style=\"font-weight: 400;\">BRASIL. DECRETO-LEI N\u00ba 271, DE 28 DE FEVEREIRO DE 1967. Art. 7o .Disp\u00f5e sobre loteamento urbano, responsabilidade do loteador concess\u00e3o de uso e espa\u00e7o a\u00e9reo e d\u00e1 outras provid\u00eancias.<\/span><\/p>\n<p>\u00cdntegra do Decreto-Lei n\u00ba 271, de 28 de Fevereiro de 1967 no site do\u00a0<a href=\"http:\/\/www.planalto.gov.br\/ccivil_03\/decreto-lei\/Del0271.htm\" target=\"_blank\" rel=\"noopener\">Planalto.<\/a><\/p>\n\t\t<div class=\"faq-accordion \" id=\"faq-accordion-1\" data-accordion-group data-conf=\"{&quot;single_open&quot;:&quot;true&quot;,&quot;transition_speed&quot;:300}\">\n\t\t\t\t\t\t\t<div data-accordion class=\"faq-main\">\n\t\t\t\t\t<div data-control class=\"faq-title\">\n\t\t\t\t\t\t<h4>Deferidos<\/h4>\n\t\t\t\t\t<\/div>\n\t\t\t\t\t<div data-content>\n\t\t\t\t\t\t\t\t\t\t\t\t<div class=\"faq-content\"><p>N\u00e3o h\u00e1 julgados.<\/p>\n<\/div>\n\t\t\t\t\t<\/div>\n\t\t\t\t<\/div>\n\t\t\t\t\t<\/div>\n\t\n\t\t<div class=\"faq-accordion \" id=\"faq-accordion-2\" data-accordion-group data-conf=\"{&quot;single_open&quot;:&quot;true&quot;,&quot;transition_speed&quot;:300}\">\n\t\t\t\t\t\t\t<div data-accordion class=\"faq-main\">\n\t\t\t\t\t<div data-control class=\"faq-title\">\n\t\t\t\t\t\t<h4>Indeferidos<\/h4>\n\t\t\t\t\t<\/div>\n\t\t\t\t\t<div data-content>\n\t\t\t\t\t\t\t\t\t\t\t\t<div class=\"faq-content\"><p>N\u00e3o h\u00e1 julgados.<\/p>\n<\/div>\n\t\t\t\t\t<\/div>\n\t\t\t\t<\/div>\n\t\t\t\t\t<\/div>\n\t\n","protected":false},"excerpt":{"rendered":"<p>\u00c9 institu\u00edda a concess\u00e3o de uso de terrenos p\u00fablicos ou particulares remunerada ou gratuita, por tempo certo ou indeterminado, como direito real resol\u00favel, para fins [&hellip;] <span class=\"read-more-link\"><a class=\"read-more\" href=\"https:\/\/rehabitare.direito.ufmg.br\/?sp_faq=indeferidos-regularizacao-concessao-de-direito-real-de-uso\">Read More<\/a><\/span><\/p>\n","protected":false},"author":1,"featured_media":0,"parent":0,"menu_order":0,"comment_status":"closed","ping_status":"closed","template":"","meta":{"footnotes":""},"class_list":["post-241","page","type-page","status-publish","hentry"],"_links":{"self":[{"href":"https:\/\/rehabitare.direito.ufmg.br\/index.php?rest_route=\/wp\/v2\/pages\/241"}],"collection":[{"href":"https:\/\/rehabitare.direito.ufmg.br\/index.php?rest_route=\/wp\/v2\/pages"}],"about":[{"href":"https:\/\/rehabitare.direito.ufmg.br\/index.php?rest_route=\/wp\/v2\/types\/page"}],"author":[{"embeddable":true,"href":"https:\/\/rehabitare.direito.ufmg.br\/index.php?rest_route=\/wp\/v2\/users\/1"}],"replies":[{"embeddable":true,"href":"https:\/\/rehabitare.direito.ufmg.br\/index.php?rest_route=%2Fwp%2Fv2%2Fcomments&post=241"}],"version-history":[{"count":7,"href":"https:\/\/rehabitare.direito.ufmg.br\/index.php?rest_route=\/wp\/v2\/pages\/241\/revisions"}],"predecessor-version":[{"id":1270,"href":"https:\/\/rehabitare.direito.ufmg.br\/index.php?rest_route=\/wp\/v2\/pages\/241\/revisions\/1270"}],"wp:attachment":[{"href":"https:\/\/rehabitare.direito.ufmg.br\/index.php?rest_route=%2Fwp%2Fv2%2Fmedia&parent=241"}],"curies":[{"name":"wp","href":"https:\/\/api.w.org\/{rel}","templated":true}]}}