{"id":267,"date":"2018-01-17T13:21:40","date_gmt":"2018-01-17T15:21:40","guid":{"rendered":"http:\/\/150.164.250.80\/rehabitare\/?page_id=267"},"modified":"2018-04-04T12:20:16","modified_gmt":"2018-04-04T15:20:16","slug":"outros","status":"publish","type":"page","link":"https:\/\/rehabitare.direito.ufmg.br\/?page_id=267","title":{"rendered":"Outros"},"content":{"rendered":"\t\t<div class=\"faq-accordion \" id=\"faq-accordion-1\" data-accordion-group data-conf=\"{&quot;single_open&quot;:&quot;true&quot;,&quot;transition_speed&quot;:300}\">\n\t\t\t\t\t\t\t<div data-accordion class=\"faq-main\">\n\t\t\t\t\t<div data-control class=\"faq-title\">\n\t\t\t\t\t\t<h4>Outros<\/h4>\n\t\t\t\t\t<\/div>\n\t\t\t\t\t<div data-content>\n\t\t\t\t\t\t\t\t\t\t\t\t<div class=\"faq-content\">\t\t<div class=\"faq-accordion \" id=\"faq-accordion-2\" data-accordion-group data-conf=\"{&quot;single_open&quot;:&quot;true&quot;,&quot;transition_speed&quot;:300}\">\n\t\t\t\t\t\t\t<div data-accordion class=\"faq-main\">\n\t\t\t\t\t<div data-control class=\"faq-title\">\n\t\t\t\t\t\t<h4>Apela\u00e7\u00e3o C\u00edvel | N\u00famero: 1.0024.11.277783-4\/001<\/h4>\n\t\t\t\t\t<\/div>\n\t\t\t\t\t<div data-content>\n\t\t\t\t\t\t\t\t\t\t\t\t<div class=\"faq-content\"><p><b>Apela\u00e7\u00e3o C\u00edvel | N\u00famero: 1.0024.11.277783-4\/001<\/b><\/p>\n<p>C\u00e2mara C\u00edvel: 7\u00aa \u00a0\u00a0\u00a0\u00a0\u00a0\u00a0\u00a0\u00a0\u00a0Relator(a): Des.(a) Oliveira Firmo<\/p>\n<p>Data de Julgamento: 03\/06\/2014<\/p>\n<p>Data da publica\u00e7\u00e3o da s\u00famula: 06\/06\/2014<\/p>\n<p>Requerente na 1\u00aa inst\u00e2ncia: Minist\u00e9rio P\u00fablico do Estado de Minas Gerais<\/p>\n<p>Requerido na 1\u00aa inst\u00e2ncia: Munic\u00edpio de Belo Horizonte<\/p>\n<p>Deferimento da Regulariza\u00e7\u00e3o Fundi\u00e1ria: Parcialmente sim<\/p>\n<p>Votos vencedores: Des.(a) Oliveira Firmo, Des. Washington Ferreira e Des. Wander Marotta<\/p>\n<p>Votos vencidos: N\u00e3o tem<\/p>\n<p>Fundamentos para o Deferimento: Estatuto da Cidade, Lei 11.977 de 2009, art. 183 da Constitui\u00e7\u00e3o Federal de 1988, Cumprimento da Fun\u00e7\u00e3o Social da Propriedade e Prote\u00e7\u00e3o Ambiental.<\/p>\n<p>Observa\u00e7\u00f5es: Trata-se de loteamento clandestino situado parcialmente em \u00e1rea de preserva\u00e7\u00e3o permanente e de interesse do Poder P\u00fablico para execu\u00e7\u00e3o de obra de saneamento. O Tribunal entendeu que a remo\u00e7\u00e3o das fam\u00edlias deve se restringir ao espa\u00e7o ambiental protegido e aos requisitos estabelecidos na legisla\u00e7\u00e3o municipal que trata das obras de saneamento (Lei n\u00ba 8.260\/2001 \u2013 Belo Horizonte); por consequ\u00eancia ficou mantida a regulariza\u00e7\u00e3o para as demais fam\u00edlias que n\u00e3o se enquadram nas situa\u00e7\u00f5es referidas.<\/p>\n<p>Inteiro Teor:\u00a0<a href=\"http:\/\/www5.tjmg.jus.br\/jurisprudencia\/pesquisaNumeroCNJEspelhoAcordao.do;jsessionid=CC9A1F8EDEC58DB6E631BCCE89137C8B.juri_node2?numeroRegistro=1&amp;totalLinhas=1&amp;linhasPorPagina=10&amp;numeroUnico=1.0024.11.277783-4%2F001&amp;pesquisaNumeroCNJ=Pesquisar\" data-slimstat=\"5\">Clique aqui<\/a><\/p>\n<\/div>\n\t\t\t\t\t<\/div>\n\t\t\t\t<\/div>\n\t\t\t\t\t<\/div>\n\t\n<\/div>\n\t\t\t\t\t<\/div>\n\t\t\t\t<\/div>\n\t\t\t\t\t<\/div>\n\t\n","protected":false},"excerpt":{"rendered":"","protected":false},"author":1,"featured_media":0,"parent":0,"menu_order":0,"comment_status":"closed","ping_status":"closed","template":"","meta":{"footnotes":""},"class_list":["post-267","page","type-page","status-publish","hentry"],"_links":{"self":[{"href":"https:\/\/rehabitare.direito.ufmg.br\/index.php?rest_route=\/wp\/v2\/pages\/267"}],"collection":[{"href":"https:\/\/rehabitare.direito.ufmg.br\/index.php?rest_route=\/wp\/v2\/pages"}],"about":[{"href":"https:\/\/rehabitare.direito.ufmg.br\/index.php?rest_route=\/wp\/v2\/types\/page"}],"author":[{"embeddable":true,"href":"https:\/\/rehabitare.direito.ufmg.br\/index.php?rest_route=\/wp\/v2\/users\/1"}],"replies":[{"embeddable":true,"href":"https:\/\/rehabitare.direito.ufmg.br\/index.php?rest_route=%2Fwp%2Fv2%2Fcomments&post=267"}],"version-history":[{"count":4,"href":"https:\/\/rehabitare.direito.ufmg.br\/index.php?rest_route=\/wp\/v2\/pages\/267\/revisions"}],"predecessor-version":[{"id":1175,"href":"https:\/\/rehabitare.direito.ufmg.br\/index.php?rest_route=\/wp\/v2\/pages\/267\/revisions\/1175"}],"wp:attachment":[{"href":"https:\/\/rehabitare.direito.ufmg.br\/index.php?rest_route=%2Fwp%2Fv2%2Fmedia&parent=267"}],"curies":[{"name":"wp","href":"https:\/\/api.w.org\/{rel}","templated":true}]}}

<div class="faq-accordion " id="faq-accordion-1" data-accordion-group data-conf="{&quot;single_open&quot;:&quot;true&quot;,&quot;transition_speed&quot;:300}">
							<div data-accordion class="faq-main">
					<div data-control class="faq-title">
						<h4>Outros</h4>
					</div>
					<div data-content>
												<div class="faq-content">		<div class="faq-accordion " id="faq-accordion-2" data-accordion-group data-conf="{&quot;single_open&quot;:&quot;true&quot;,&quot;transition_speed&quot;:300}">
							<div data-accordion class="faq-main">
					<div data-control class="faq-title">
						<h4>Apelação Cível | Número: 1.0024.11.277783-4/001</h4>
					</div>
					<div data-content>
												<div class="faq-content"><p><b>Apelação Cível | Número: 1.0024.11.277783-4/001</b></p>
<p>Câmara Cível: 7ª          Relator(a): Des.(a) Oliveira Firmo</p>
<p>Data de Julgamento: 03/06/2014</p>
<p>Data da publicação da súmula: 06/06/2014</p>
<p>Requerente na 1ª instância: Ministério Público do Estado de Minas Gerais</p>
<p>Requerido na 1ª instância: Município de Belo Horizonte</p>
<p>Deferimento da Regularização Fundiária: Parcialmente sim</p>
<p>Votos vencedores: Des.(a) Oliveira Firmo, Des. Washington Ferreira e Des. Wander Marotta</p>
<p>Votos vencidos: Não tem</p>
<p>Fundamentos para o Deferimento: Estatuto da Cidade, Lei 11.977 de 2009, art. 183 da Constituição Federal de 1988, Cumprimento da Função Social da Propriedade e Proteção Ambiental.</p>
<p>Observações: Trata-se de loteamento clandestino situado parcialmente em área de preservação permanente e de interesse do Poder Público para execução de obra de saneamento. O Tribunal entendeu que a remoção das famílias deve se restringir ao espaço ambiental protegido e aos requisitos estabelecidos na legislação municipal que trata das obras de saneamento (Lei nº 8.260/2001 – Belo Horizonte); por consequência ficou mantida a regularização para as demais famílias que não se enquadram nas situações referidas.</p>
<p>Inteiro Teor: <a href="http://www5.tjmg.jus.br/jurisprudencia/pesquisaNumeroCNJEspelhoAcordao.do;jsessionid=CC9A1F8EDEC58DB6E631BCCE89137C8B.juri_node2?numeroRegistro=1&amp;totalLinhas=1&amp;linhasPorPagina=10&amp;numeroUnico=1.0024.11.277783-4%2F001&amp;pesquisaNumeroCNJ=Pesquisar" data-slimstat="5">Clique aqui</a></p>
</div>
					</div>
				</div>
					</div>
	
</div>
					</div>
				</div>
					</div>
