{"id":278,"date":"2018-01-17T13:24:56","date_gmt":"2018-01-17T15:24:56","guid":{"rendered":"http:\/\/150.164.250.80\/rehabitare\/?page_id=278"},"modified":"2025-08-01T18:58:56","modified_gmt":"2025-08-01T21:58:56","slug":"acoes-recomendacoes-mp","status":"publish","type":"page","link":"https:\/\/rehabitare.direito.ufmg.br\/?page_id=278","title":{"rendered":"A\u00e7\u00f5es\/Recomenda\u00e7\u00f5es MP"},"content":{"rendered":"<p><strong><a href=\"https:\/\/www.mpf.mp.br\/rj\/sala-de-imprensa\/docs\/pr-rj\/Recomendao_Ciamp_RJ.pdf\">RECOMENDA\u00c7\u00c3O PRDC\/RJ\/N\u00ba 16\/2024<\/a><\/strong><\/p>\n<p><span style=\"color: #000080;\"><strong><a style=\"color: #000080;\" href=\"http:\/\/www.mpf.mp.br\/pfdc\/manifestacoes-pfdc\/recomendacoes\/recomendacao-1-2017-pfdc-mpf\/view\" target=\"_blank\" rel=\"noopener\">RECOMENDA\u00c7\u00c3O MPF\/DF N\u00ba 01, de 03 de maio de 2017.<\/a><\/strong><\/span><\/p>\n<p><strong style=\"color: #000080;\"><a style=\"color: #000080;\" href=\"http:\/\/www.cnmp.mp.br\/portal\/images\/Recomendacoes\/Recomenda%C3%A7%C3%A3o-053.pdf\" target=\"_blank\" rel=\"noopener\">RECOMENDA\u00c7\u00c3O MPF N\u00ba 53, de 28 de mar\u00e7o de 2017.<\/a><\/strong><\/p>\n<p style=\"text-align: justify;\"><span style=\"color: #000080;\"><strong><a style=\"color: #000080;\" href=\"http:\/\/www.mpf.mp.br\/mg\/sala-de-imprensa\/docs\/acp-aglomerado-santa-lucia\" target=\"_blank\" rel=\"noopener\">A\u00c7\u00c3O CIVIL P\u00daBLICA\u00a0com PEDIDO DE TUTELA PROVIS\u00d3RIA\u00a0contra o Munic\u00edpio de Belo Horizonte a Companhia Urbanizadora de Belo Horizonte (URBEL) e a Companhia Energ\u00e9tica de Minas Gerias (CEMIG), de 26 de julho de 2016.\u00a0<\/a><\/strong><\/span><\/p>\n<p><span style=\"color: #000080;\"><strong><a style=\"color: #000080;\" href=\"http:\/\/ws.mpmg.mp.br\/biblio\/informa\/131219388.htm\" target=\"_blank\" rel=\"noopener\">NOTA T\u00c9CNICA\/ FPRS N\u00ba01, de 10 de outrubro de 2013.<\/a><\/strong><\/span><\/p>\n<p><span style=\"color: #000080;\"><strong><a style=\"color: #000080;\" href=\"https:\/\/drive.google.com\/file\/d\/1h71FCxVrgBMYngxr4Vpx0NwyAXwGtVcP\/view?usp=sharing\" target=\"_blank\" rel=\"noopener\">NOTA T\u00c9CNICA\/ FPRS N\u00ba02, de 14 de outubro de 2013.<\/a><\/strong><\/span><\/p>\n<p><span style=\"color: #000080;\"><strong><a style=\"color: #000080;\" href=\"https:\/\/drive.google.com\/file\/d\/1qLBidqwgJSIvSx2G6RSFeZ5mlmQP07SH\/view?usp=sharing\" target=\"_blank\" rel=\"noopener\">NOTA T\u00c9CNICA\/ FPRS N\u00ba 03, de 14 de outubro de 2013.<\/a><\/strong><\/span><\/p>\n<p><span style=\"color: #000080;\"><strong><a style=\"color: #000080;\" href=\"http:\/\/www.prmg.mpf.mp.br\/prdc\/recomendacoes\/recd-67-copa_ministerio-das-cidades_deslocamentos-forcados\/arquivo\" target=\"_blank\" rel=\"noopener\">RECOMENDA\u00c7\u00c3O MPF\/MG N\u00ba 67, de 03 de maio de 2013.\u00a0<\/a><\/strong><\/span><\/p>\n<p>\u00a0<\/p>\n<p>\u00a0<\/p>\n<p>\u00a0<\/p>\n\n\n<p><\/p>\n","protected":false},"excerpt":{"rendered":"<p>RECOMENDA\u00c7\u00c3O PRDC\/RJ\/N\u00ba 16\/2024 RECOMENDA\u00c7\u00c3O MPF\/DF N\u00ba 01, de 03 de maio de 2017. RECOMENDA\u00c7\u00c3O MPF N\u00ba 53, de 28 de mar\u00e7o de 2017. A\u00c7\u00c3O CIVIL [&hellip;] <span class=\"read-more-link\"><a class=\"read-more\" href=\"https:\/\/rehabitare.direito.ufmg.br\/?page_id=278\">Read More<\/a><\/span><\/p>\n","protected":false},"author":1,"featured_media":0,"parent":0,"menu_order":0,"comment_status":"closed","ping_status":"closed","template":"","meta":{"footnotes":""},"class_list":["post-278","page","type-page","status-publish","hentry"],"_links":{"self":[{"href":"https:\/\/rehabitare.direito.ufmg.br\/index.php?rest_route=\/wp\/v2\/pages\/278"}],"collection":[{"href":"https:\/\/rehabitare.direito.ufmg.br\/index.php?rest_route=\/wp\/v2\/pages"}],"about":[{"href":"https:\/\/rehabitare.direito.ufmg.br\/index.php?rest_route=\/wp\/v2\/types\/page"}],"author":[{"embeddable":true,"href":"https:\/\/rehabitare.direito.ufmg.br\/index.php?rest_route=\/wp\/v2\/users\/1"}],"replies":[{"embeddable":true,"href":"https:\/\/rehabitare.direito.ufmg.br\/index.php?rest_route=%2Fwp%2Fv2%2Fcomments&post=278"}],"version-history":[{"count":17,"href":"https:\/\/rehabitare.direito.ufmg.br\/index.php?rest_route=\/wp\/v2\/pages\/278\/revisions"}],"predecessor-version":[{"id":4805,"href":"https:\/\/rehabitare.direito.ufmg.br\/index.php?rest_route=\/wp\/v2\/pages\/278\/revisions\/4805"}],"wp:attachment":[{"href":"https:\/\/rehabitare.direito.ufmg.br\/index.php?rest_route=%2Fwp%2Fv2%2Fmedia&parent=278"}],"curies":[{"name":"wp","href":"https:\/\/api.w.org\/{rel}","templated":true}]}}