{"id":344,"date":"2018-01-17T14:09:00","date_gmt":"2018-01-17T16:09:00","guid":{"rendered":"http:\/\/150.164.250.80\/rehabitare\/?page_id=344"},"modified":"2019-08-27T13:58:54","modified_gmt":"2019-08-27T16:58:54","slug":"legislacao-municipal","status":"publish","type":"page","link":"https:\/\/rehabitare.direito.ufmg.br\/?page_id=344","title":{"rendered":"Legisla\u00e7\u00e3o Municipal"},"content":{"rendered":"\t\t<div class=\"faq-accordion \" id=\"faq-accordion-1\" data-accordion-group data-conf=\"{&quot;single_open&quot;:&quot;true&quot;,&quot;transition_speed&quot;:300}\">\n\t\t\t\t\t\t\t<div data-accordion class=\"faq-main\">\n\t\t\t\t\t<div data-control class=\"faq-title\">\n\t\t\t\t\t\t<h4>LEI<\/h4>\n\t\t\t\t\t<\/div>\n\t\t\t\t\t<div data-content>\n\t\t\t\t\t\t\t\t\t\t\t\t<div class=\"faq-content\"><p><strong>Lei n\u00b011.181, de 8 de Agosto de 2019:<\/strong>\u00a0Aprova o Plano Diretor do Munic\u00edpio de Belo Horizonte e d\u00e1 outras provid\u00eancias.<\/p>\n<p>\u00cdntegra:\u00a0 <a href=\"https:\/\/www.cmbh.mg.gov.br\/atividade-legislativa\/pesquisar-legislacao\/lei\/11181\/2019\" target=\"_blank\" rel=\"noopener\">Site da\u00a0C\u00e2mara Municipal de Belo Horizonte<\/a><\/p>\n<p style=\"text-align: justify;\"><b>Lei n\u00b0 10.908, de 15 de fevereiro de 2016:<\/b>\u00a0Estabelece crit\u00e9rios para a aplica\u00e7\u00e3o da Transfer\u00eancia do Direito de Construir em im\u00f3veis situados em Zeis destinados a programa de regulariza\u00e7\u00e3o fundi\u00e1ria.<\/p>\n<p style=\"text-align: justify;\">\u00cdntegra: Site da\u00a0<a href=\"https:\/\/www.cmbh.mg.gov.br\/atividade-legislativa\/pesquisar-legislacao\/lei\/10908\/2016\" target=\"_blank\" rel=\"noopener\" data-slimstat=\"5\">C\u00e2mara Municipal de Belo Horizonte<\/a><\/p>\n<p style=\"text-align: justify;\"><b>Lei n\u00b0 10.705, de 16 de janeiro de 2014:<\/b>\u00a0\u00a0Institui a Opera\u00e7\u00e3o Urbana BH Morar\/Capit\u00e3o Eduardo, altera o t\u00edtulo III das Disposi\u00e7\u00f5es Transit\u00f3rias da Lei n\u00ba 9.959\/10 e d\u00e1 outras provid\u00eancias.<\/p>\n<p style=\"text-align: justify;\">\u00cdntegra: Site da\u00a0<a href=\"https:\/\/www.cmbh.mg.gov.br\/atividade-legislativa\/pesquisar-legislacao\/lei\/10705\/2014\" target=\"_blank\" rel=\"noopener\" data-slimstat=\"5\">C\u00e2mara Municipal de Belo Horizonte<\/a><\/p>\n<p style=\"text-align: justify;\"><b>Lei n\u00b0 10.706, de 16 de janeiro de 2014:<\/b>\u00a0\u00a0Disp\u00f5e sobre a regulariza\u00e7\u00e3o de im\u00f3veis de propriedade do Munic\u00edpio, altera as leis n\u00bas 9.074\/05 e 7.166\/96 e d\u00e1 outras provid\u00eancias.<\/p>\n<p style=\"text-align: justify;\">\u00cdntegra: Site da\u00a0<a href=\"http:\/\/www.cmbh.mg.gov.br\/atividade-legislativa\/pesquisar-legislacao\/lei\/10706\/2014\" target=\"_blank\" rel=\"noopener\" data-slimstat=\"5\">C\u00e2mara Municipal de Belo Horizonte<\/a><\/p>\n<p style=\"text-align: justify;\"><b>Lei n\u00b0 7.597, de \u00a006 de novembro de 1998:<\/b>Disp\u00f5e sobre assentamento de fam\u00edlias no Munic\u00edpio e d\u00e1 outras provid\u00eancias.<\/p>\n<p style=\"text-align: justify;\">\u00cdntegra: Site da\u00a0<a href=\"https:\/\/www.cmbh.mg.gov.br\/atividade-legislativa\/pesquisar-legislacao\/lei\/7597\/1998\" target=\"_blank\" rel=\"noopener\" data-slimstat=\"5\">C\u00e2mara Municipal de Belo Horizonte<\/a><\/p>\n<p style=\"text-align: justify;\"><b>Lei n\u00b0 7.242, de 30 dezembro de 1996:<\/b>\u00a0Fixa normas para a regulamenta\u00e7\u00e3o do lan\u00e7amento do IPTU de edifica\u00e7\u00f5es do tipo casa ou barrac\u00e3o, adapta dispositivos da legisla\u00e7\u00e3o tribut\u00e1ria municipal a serem implementadas pela Lei n\u00ba 7.166\/96, e d\u00e1 outras provid\u00eancias.<\/p>\n<p style=\"text-align: justify;\">\u00cdntegra: Site da\u00a0<a href=\"https:\/\/www.cmbh.mg.gov.br\/atividade-legislativa\/pesquisar-legislacao\/lei\/7242\/1996\" target=\"_blank\" rel=\"noopener\" data-slimstat=\"5\">C\u00e2mara Municipal de Belo Horizonte<\/a><\/p>\n<p style=\"text-align: justify;\"><b>Lei n\u00b0 7.165, de \u00a027 de agosto de 1996:<\/b>Institui o Plano Diretor do Munic\u00edpio de Belo Horizonte.<\/p>\n<p style=\"text-align: justify;\">\u00cdntegra: Site da\u00a0<a href=\"http:\/\/www.cmbh.mg.gov.br\/atividade-legislativa\/pesquisar-legislacao\/lei\/7165\/1996\" target=\"_blank\" rel=\"noopener\" data-slimstat=\"5\">C\u00e2mara Municipal de Belo Horizonte<\/a><\/p>\n<p style=\"text-align: justify;\"><b>Lei n\u00b0 7.166, de 27 de agosto de 1996:<\/b>\u00a0Estabelece normas e condi\u00e7\u00f5es para parcelamento, ocupa\u00e7\u00e3o e uso do solo urbano do Munic\u00edpio.<\/p>\n<p style=\"text-align: justify;\">\u00cdntegra: Site da\u00a0<a href=\"http:\/\/www.cmbh.mg.gov.br\/atividade-legislativa\/pesquisar-legislacao\/lei\/7166\/1996\" target=\"_blank\" rel=\"noopener\" data-slimstat=\"5\">C\u00e2mara Municipal de Belo Horizonte<\/a><\/p>\n<p style=\"text-align: justify;\"><b>Lei n\u00ba 6.508, de 12 de janeiro de 1994:<\/b>\u00a0Cria o Conselho Municipal de Habita\u00e7\u00e3o e d\u00e1 outras previd\u00eancias em rela\u00e7\u00e3o \u00e0 sua fun\u00e7\u00e3o deliberativa acerca das pol\u00edticas, planos e programas para produ\u00e7\u00e3o de \u00a0moradia e de curadoria dos recursos a serem aplicados.<\/p>\n<p style=\"text-align: justify;\">\u00cdntegra: Site da\u00a0<a href=\"https:\/\/www.cmbh.mg.gov.br\/atividade-legislativa\/pesquisar-legislacao\/lei\/6508\/1994\" target=\"_blank\" rel=\"noopener\" data-slimstat=\"5\">C\u00e2mara Municipal de Belo Horizonte<\/a><\/p>\n<p style=\"text-align: justify;\"><b>Lei n\u00ba \u00a06.326, de 18 de janeiro de 1993:\u00a0<\/b>D\u00e1 nova regulamenta\u00e7\u00e3o ao Fundo Municipal de Habita\u00e7\u00e3o Popular e d\u00e1 outras provid\u00eancias.<\/p>\n<p style=\"text-align: justify;\">\u00cdntegra: Site da\u00a0<a href=\"https:\/\/www.cmbh.mg.gov.br\/atividade-legislativa\/pesquisar-legislacao\/lei\/6326\/1993\" target=\"_blank\" rel=\"noopener\" data-slimstat=\"5\">C\u00e2mara Municipal de Belo Horizonte<\/a><\/p>\n<p style=\"text-align: justify;\"><b>Lei Org\u00e2nica do Munic\u00edpio de Belo Horizonte (1990):<\/b>\u00a0possui os mesmos princ\u00edpios b\u00e1sicos da Constitui\u00e7\u00e3o Federal de 1998, al\u00e9m disso, seu cap\u00edtulo XI disp\u00f5e sobre as pol\u00edticas urbanas do Munic\u00edpio.<\/p>\n<p style=\"text-align: justify;\">\u00cdntegra: Site da\u00a0<a href=\"http:\/\/www.cmbh.mg.gov.br\/atividade-legislativa\/pesquisar-legislacao\/lei-organica\" target=\"_blank\" rel=\"noopener\" data-slimstat=\"5\">C\u00e2mara Municipal de Belo Horizonte<\/a><\/p>\n<\/div>\n\t\t\t\t\t<\/div>\n\t\t\t\t<\/div>\n\t\t\t\t\t<\/div>\n\t\n\t\t<div class=\"faq-accordion \" id=\"faq-accordion-2\" data-accordion-group data-conf=\"{&quot;single_open&quot;:&quot;true&quot;,&quot;transition_speed&quot;:300}\">\n\t\t\t\t\t\t\t<div data-accordion class=\"faq-main\">\n\t\t\t\t\t<div data-control class=\"faq-title\">\n\t\t\t\t\t\t<h4>DECRETO<\/h4>\n\t\t\t\t\t<\/div>\n\t\t\t\t\t<div data-content>\n\t\t\t\t\t\t\t\t\t\t\t\t<div class=\"faq-content\"><p><strong>Decreto n\u00ba 18.928, de 9 de janeiro de 2025:<\/strong> Regulamenta o Cap\u00edtulo II da Lei n\u00ba 11.216, de 4 de fevereiro de 2020.<\/p>\n<p>\u00cdntegra: <a href=\"https:\/\/www.cmbh.mg.gov.br\/atividade-legislativa\/pesquisar-legislacao\/decreto\/18928\/2025\">Site da C\u00e2mara Municipal de Belo Horizonte<\/a><\/p>\n<p style=\"text-align: justify;\"><b>Decreto n\u00b0 15.762, de \u00a011 de novembro de 2014:\u00a0<\/b>Regulamenta o Programa Estrutural em \u00c1reas de Risco \u2013 PEAR.<\/p>\n<p style=\"text-align: justify;\">\u00cdntegra: Site da\u00a0<a href=\"https:\/\/www.cmbh.mg.gov.br\/atividade-legislativa\/pesquisar-legislacao\/decreto\/15762\/2014\" target=\"_blank\" rel=\"noopener\" data-slimstat=\"5\">C\u00e2mara Municipal de Belo Horizonte<\/a><\/p>\n<p style=\"text-align: justify;\"><b>Decreto n\u00b0 15.501, de 17 de mar\u00e7o de 2014:<\/b>\u00a0Institui o Pr\u00e9 e P\u00f3s Morar para atendimento \u00e0 Popula\u00e7\u00e3o Benefici\u00e1ria da Pol\u00edtica Municipal de Habita\u00e7\u00e3o<\/p>\n<p style=\"text-align: justify;\">\u00cdntegra: Site da\u00a0<a href=\"https:\/\/www.cmbh.mg.gov.br\/atividade-legislativa\/pesquisar-legislacao\/decreto\/15501\/2014\" target=\"_blank\" rel=\"noopener\" data-slimstat=\"5\">C\u00e2mara Municipal de Belo Horizonte<\/a><\/p>\n<p style=\"text-align: justify;\"><b>Decreto n\u00b0 14.641, de \u00a010 de novembro de 2011: \u00a0<\/b>Institui o Pr\u00e9 e P\u00f3s Morar para atendimento \u00e0 Popula\u00e7\u00e3o Benefici\u00e1ria da Pol\u00edtica Municipal de Habita\u00e7\u00e3o<\/p>\n<p style=\"text-align: justify;\">\u00cdntegra: Site da\u00a0<a href=\"https:\/\/www.cmbh.mg.gov.br\/atividade-legislativa\/pesquisar-legislacao\/decreto\/14641\/2011\" target=\"_blank\" rel=\"noopener\" data-slimstat=\"5\">C\u00e2mara Municipal de Belo Horizonte<\/a><\/p>\n<p style=\"text-align: justify;\"><b>Decreto n\u00b0 13.502, de \u00a009 de fevereiro de 2009: \u00a0<\/b>Disp\u00f5e sobre a concess\u00e3o de Aux\u00edlio Financeiro, com fundamento na Lei n\u00ba 7.597, de 6 de novembro de 1998.<\/p>\n<p style=\"text-align: justify;\">\u00cdntegra: Site da\u00a0<a href=\"https:\/\/www.cmbh.mg.gov.br\/atividade-legislativa\/pesquisar-legislacao\/decreto\/13502\/2009\" target=\"_blank\" rel=\"noopener\" data-slimstat=\"5\">C\u00e2mara Municipal de Belo Horizonte<\/a><\/p>\n<p style=\"text-align: justify;\"><b>Decreto n\u00b0 9.066, 17 de janeiro de 2005:\u00a0<\/b>Disp\u00f5e sobre cria\u00e7\u00e3o de Banco de Terras para constru\u00e7\u00e3o de conjunto habitacional ou de equipamento comunit\u00e1rio.<\/p>\n<p style=\"text-align: justify;\">\u00cdntegra: Site da\u00a0<a href=\"https:\/\/www.cmbh.mg.gov.br\/atividade-legislativa\/pesquisar-legislacao\/lei\/9066\/2005\" target=\"_blank\" rel=\"noopener\" data-slimstat=\"5\">C\u00e2mara Municipal de Belo Horizonte<\/a><\/p>\n<p style=\"text-align: justify;\"><b>Decreto n\u00b0 11.375, de \u00a002 de julho de 2003: \u00a0<\/b>Disp\u00f5e sobre o funcionamento do Programa Bolsa-Moradia no Munic\u00edpio de Belo Horizonte.<\/p>\n<p style=\"text-align: justify;\">\u00cdntegra: Site da\u00a0<a href=\"https:\/\/www.cmbh.mg.gov.br\/atividade-legislativa\/pesquisar-legislacao\/decreto\/11375\/2003\" target=\"_blank\" rel=\"noopener\" data-slimstat=\"5\">C\u00e2mara Municipal de Belo Horizonte<\/a><\/p>\n<p style=\"text-align: justify;\"><b>Decreto n\u00b0 11.283, de \u00a013 de mar\u00e7o de 2003:\u00a0<\/b>Regulamenta a Lei n\u00ba 7.597, de 6 de novembro de 1998, que \u201fDisp\u00f5e sobre assentamento de fam\u00edlias no Munic\u00edpio e d\u00e1 outras provid\u00eancias\u201d.<\/p>\n<p style=\"text-align: justify;\">\u00cdntegra: Site da\u00a0<a href=\"https:\/\/www.cmbh.mg.gov.br\/atividade-legislativa\/pesquisar-legislacao\/decreto\/11283\/2003\" target=\"_blank\" rel=\"noopener\" data-slimstat=\"5\">C\u00e2mara Municipal de Belo Horizonte<\/a><\/p>\n<p style=\"text-align: justify;\"><b>Decreto n\u00b0 9.937, de \u00a001 de junho de 1999:<\/b>\u00a0Disp\u00f5e sobre permiss\u00e3o de uso de car\u00e1ter social, a t\u00edtulo oneroso, de im\u00f3veis residenciais produzidos em \u00e1reas p\u00fablicas municipais, com recursos destinados aos programas e projetos habitacionais de interesse social, no \u00e2mbito da Pol\u00edtica Municipal de Habita\u00e7\u00e3o.<\/p>\n<p style=\"text-align: justify;\">\u00cdntegra: Site da\u00a0<a href=\"https:\/\/www.cmbh.mg.gov.br\/atividade-legislativa\/pesquisar-legislacao\/decreto\/9937\/1999\" target=\"_blank\" rel=\"noopener\" data-slimstat=\"5\">C\u00e2mara Municipal de Belo Horizonte<\/a><\/p>\n<p style=\"text-align: justify;\"><b>Decreto n\u00b0 9.257, de \u00a013 de junho de 1997:\u00a0<\/b>Delega compet\u00eancia e disp\u00f5e sobre a operacionaliza\u00e7\u00e3o das a\u00e7\u00f5es destinadas aos programas geridos pelo Fundo de Habita\u00e7\u00e3o Popular, ligados aos im\u00f3veis de propriedade do Munic\u00edpio.<\/p>\n<p style=\"text-align: justify;\">\u00cdntegra: Site da\u00a0<a href=\"https:\/\/www.cmbh.mg.gov.br\/atividade-legislativa\/pesquisar-legislacao\/decreto\/9257\/1997\" target=\"_blank\" rel=\"noopener\" data-slimstat=\"5\">C\u00e2mara Municipal de Belo Horizonte<\/a><\/p>\n<p style=\"text-align: justify;\">\n<\/div>\n\t\t\t\t\t<\/div>\n\t\t\t\t<\/div>\n\t\t\t\t\t<\/div>\n\t\n\t\t<div class=\"faq-accordion \" id=\"faq-accordion-3\" data-accordion-group data-conf=\"{&quot;single_open&quot;:&quot;true&quot;,&quot;transition_speed&quot;:300}\">\n\t\t\t\t\t\t\t<div data-accordion class=\"faq-main\">\n\t\t\t\t\t<div data-control class=\"faq-title\">\n\t\t\t\t\t\t<h4>RESOLU\u00c7\u00c3O<\/h4>\n\t\t\t\t\t<\/div>\n\t\t\t\t\t<div data-content>\n\t\t\t\t\t\t\t\t\t\t\t\t<div class=\"faq-content\"><p style=\"text-align: justify;\"><b>Resolu\u00e7\u00f5es do Conselho Municipal de Habita\u00e7\u00e3o de Belo Horizonte:<\/b>\u00a0Disp\u00f5em sobre a Pol\u00edtica Habitacional do Munic\u00edpio de Belo Horizonte, os Procedimentos para produ\u00e7\u00e3o de moradias por autogest\u00e3o, o Programa de reassentamento de Fam\u00edlias Removidas em Decorr\u00eancia da Execu\u00e7\u00e3o de Obras P\u00fablicas, Produ\u00e7\u00e3o de moradia e outros assuntos relacionados \u00e0 sua compet\u00eancia.<\/p>\n<p style=\"text-align: justify;\">\u00cdntegra: Site da\u00a0<span style=\"text-decoration: underline;\"><a href=\"https:\/\/prefeitura.pbh.gov.br\/sites\/default\/files\/estrutura-de-governo\/urbel\/2018\/documentos\/Caderno%20Legisla%C3%A7%C3%B5es%20160118.pdf\" target=\"_blank\" rel=\"noopener\" data-slimstat=\"5\">P<\/a>BH<\/span><\/p>\n<p style=\"text-align: justify;\">\n<\/div>\n\t\t\t\t\t<\/div>\n\t\t\t\t<\/div>\n\t\t\t\t\t<\/div>\n\t\n<p>&nbsp;<\/p>\n","protected":false},"excerpt":{"rendered":"<p>&nbsp;<\/p>\n","protected":false},"author":1,"featured_media":0,"parent":0,"menu_order":0,"comment_status":"closed","ping_status":"closed","template":"","meta":{"footnotes":""},"class_list":["post-344","page","type-page","status-publish","hentry"],"_links":{"self":[{"href":"https:\/\/rehabitare.direito.ufmg.br\/index.php?rest_route=\/wp\/v2\/pages\/344"}],"collection":[{"href":"https:\/\/rehabitare.direito.ufmg.br\/index.php?rest_route=\/wp\/v2\/pages"}],"about":[{"href":"https:\/\/rehabitare.direito.ufmg.br\/index.php?rest_route=\/wp\/v2\/types\/page"}],"author":[{"embeddable":true,"href":"https:\/\/rehabitare.direito.ufmg.br\/index.php?rest_route=\/wp\/v2\/users\/1"}],"replies":[{"embeddable":true,"href":"https:\/\/rehabitare.direito.ufmg.br\/index.php?rest_route=%2Fwp%2Fv2%2Fcomments&post=344"}],"version-history":[{"count":9,"href":"https:\/\/rehabitare.direito.ufmg.br\/index.php?rest_route=\/wp\/v2\/pages\/344\/revisions"}],"predecessor-version":[{"id":2476,"href":"https:\/\/rehabitare.direito.ufmg.br\/index.php?rest_route=\/wp\/v2\/pages\/344\/revisions\/2476"}],"wp:attachment":[{"href":"https:\/\/rehabitare.direito.ufmg.br\/index.php?rest_route=%2Fwp%2Fv2%2Fmedia&parent=344"}],"curies":[{"name":"wp","href":"https:\/\/api.w.org\/{rel}","templated":true}]}}