{"id":378,"date":"2018-01-17T14:36:49","date_gmt":"2018-01-17T16:36:49","guid":{"rendered":"http:\/\/150.164.250.80\/rehabitare\/?page_id=378"},"modified":"2018-04-05T12:17:28","modified_gmt":"2018-04-05T15:17:28","slug":"reassentamento-outros","status":"publish","type":"page","link":"https:\/\/rehabitare.direito.ufmg.br\/?page_id=378","title":{"rendered":"Outros"},"content":{"rendered":"\t\t<div class=\"faq-accordion \" id=\"faq-accordion-1\" data-accordion-group data-conf=\"{&quot;single_open&quot;:&quot;true&quot;,&quot;transition_speed&quot;:300}\">\n\t\t\t\t\t\t\t<div data-accordion class=\"faq-main\">\n\t\t\t\t\t<div data-control class=\"faq-title\">\n\t\t\t\t\t\t<h4>Outros<\/h4>\n\t\t\t\t\t<\/div>\n\t\t\t\t\t<div data-content>\n\t\t\t\t\t\t\t\t\t\t\t\t<div class=\"faq-content\">\t\t<div class=\"faq-accordion \" id=\"faq-accordion-2\" data-accordion-group data-conf=\"{&quot;single_open&quot;:&quot;true&quot;,&quot;transition_speed&quot;:300}\">\n\t\t\t\t\t\t\t<div data-accordion class=\"faq-main\">\n\t\t\t\t\t<div data-control class=\"faq-title\">\n\t\t\t\t\t\t<h4>\u00c1rea de Risco \u2013 n\u00ba do ac\u00f3rd\u00e3o 1.0024.09.653909-3\/001<\/h4>\n\t\t\t\t\t<\/div>\n\t\t\t\t\t<div data-content>\n\t\t\t\t\t\t\t\t\t\t\t\t<div class=\"faq-content\"><p><b>\u00c1rea de Risco \u2013 n\u00ba do ac\u00f3rd\u00e3o 1.0024.09.653909-3\/001<\/b><\/p>\n<p><b>Processo:\u00a0<\/b>Agravo de Instrumento<b>\u00a0| N\u00famero:\u00a0<\/b>1.0024.09.653909-3\/001<\/p>\n<p><b>C\u00e2mara C\u00edvel:\u00a0<\/b>4\u00aa \u00a0<b>\u00a0\u00a0\u00a0\u00a0\u00a0\u00a0\u00a0\u00a0\u00a0Relator(a):\u00a0<\/b>Des Moreira Diniz<\/p>\n<p><b>Data de Julgamento:\u00a0<\/b>03\/12\/2009<\/p>\n<p><b>Data da publica\u00e7\u00e3o da s\u00famula:\u00a0<\/b>17\/12\/2009<\/p>\n<p><b>Requerente na 1\u00aa inst\u00e2ncia:\u00a0<\/b>Munic\u00edpio de Belo Horizonte<\/p>\n<p><b>Requerido na 1\u00aa inst\u00e2ncia:\u00a0<\/b>Tricia<\/p>\n<p><b>Deferimento da Remo\u00e7\u00e3o:\u00a0<\/b>Sim<\/p>\n<p><b>Votos vencedores:\u00a0<\/b>Des Moreira Diniz, Des. D\u00e1rcio Lopardi Mendes E Des. Almeida Melo.<\/p>\n<p><b>Votos vencidos:\u00a0<\/b>N\u00e3o tem<\/p>\n<p><b>Fundamentos para o Deferimento:\u00a0<\/b>\u00c1rea de risco<\/p>\n<p><b>Observa\u00e7\u00f5es:\u00a0<\/b>O Tribunal decidiu pela remo\u00e7\u00e3o de moradora, que tinha se recusado a sair de local considerado de risco, inclusive assumindo expressamente o \u00f4nus da sua decis\u00e3o.<\/p>\n<p><b>Inteiro Teor:\u00a0<\/b><a href=\"http:\/\/www5.tjmg.jus.br\/jurisprudencia\/pesquisaNumeroCNJEspelhoAcordao.do;jsessionid=7A79D91BC126C5072FFE3CDDBB7DEA77.juri_node1?numeroRegistro=1&amp;totalLinhas=1&amp;linhasPorPagina=10&amp;numeroUnico=1.0024.09.653909-3%2F001&amp;pesquisaNumeroCNJ=Pesquisar\" target=\"_blank\" rel=\"noopener\" data-slimstat=\"5\"><b>Clique aqui<\/b><\/a><\/p>\n<\/div>\n\t\t\t\t\t<\/div>\n\t\t\t\t<\/div>\n\t\t\t\t\t<\/div>\n\t\n\t\t<div class=\"faq-accordion \" id=\"faq-accordion-3\" data-accordion-group data-conf=\"{&quot;single_open&quot;:&quot;true&quot;,&quot;transition_speed&quot;:300}\">\n\t\t\t\t\t\t\t<div data-accordion class=\"faq-main\">\n\t\t\t\t\t<div data-control class=\"faq-title\">\n\t\t\t\t\t\t<h4>\u00c1rea de Risco n\u00ba do ac\u00f3rd\u00e3o 1.0024.13.108447-7\/001<\/h4>\n\t\t\t\t\t<\/div>\n\t\t\t\t\t<div data-content>\n\t\t\t\t\t\t\t\t\t\t\t\t<div class=\"faq-content\"><p><b>\u00c1rea de Risco n\u00ba do ac\u00f3rd\u00e3o 1.0024.13.108447-7\/001<\/b><\/p>\n<p><b>Processo:\u00a0<\/b>Agravo de Instrumento<b>\u00a0| N\u00famero:\u00a0<\/b>1.0024.13.108447-7\/001<\/p>\n<p><b>C\u00e2mara C\u00edvel:\u00a0<\/b>1\u00aa\u00a0<b>\u00a0\u00a0\u00a0\u00a0\u00a0\u00a0\u00a0Relator(a):\u00a0<\/b>Des.(a) Armando Freire<\/p>\n<p><b>Data de Julgamento:\u00a0<\/b>01\/07\/2014<\/p>\n<p><b>Data da publica\u00e7\u00e3o da s\u00famula:\u00a0<\/b>11\/07\/2014<\/p>\n<p><b>Requerente na 1\u00aa inst\u00e2ncia:\u00a0<\/b>Defensoria P\u00fablica do Estado de Minas Gerais<\/p>\n<p><b>Requerido na 1\u00aa inst\u00e2ncia:\u00a0<\/b>Munic\u00edpio de Belo Horizonte, Companhia Urbanizadora e de Habita\u00e7\u00e3o De Belo Horizonte \u2013 URBEL<\/p>\n<p><b>Deferimento da Remo\u00e7\u00e3o:\u00a0<\/b>Sim<\/p>\n<p><b>Votos vencedores:<\/b>\u00a0Des.(a) Armando Freire; Des. Eduardo Andrade; Des. Geraldo Augusto<\/p>\n<p><b>Votos vencidos:\u00a0<\/b>N\u00e3o tem<\/p>\n<p><b>Fundamentos para o Deferimento:\u00a0<\/b>Estatuto da Cidade e \u00c1rea de Risco<\/p>\n<p><b>Observa\u00e7\u00f5es:\u00a0<\/b>O Tribunal determinou que o Poder P\u00fablico realize as seguintes a\u00e7\u00f5es: i) projeto preliminar de estudos de engenharia, arquitetura e geologia; ii) relat\u00f3rio de cadastramento social das 69 (sessenta e nove) fam\u00edlias envolvidas; inclus\u00e3o das fam\u00edlias na Pol\u00edtica de Habita\u00e7\u00e3o do Munic\u00edpio; relat\u00f3rio descritivo fotogr\u00e1fico das unidades habitacionais provis\u00f3rias. Na impossibilidade de realizar o referido abrigamento, o Tribunal deferiu o pagamento de R$ 700,00 a t\u00edtulo de bolsa aluguel.<\/p>\n<p><b>Inteiro Teor:\u00a0<\/b><a href=\"http:\/\/www5.tjmg.jus.br\/jurisprudencia\/pesquisaNumeroCNJEspelhoAcordao.do;jsessionid=CC9A1F8EDEC58DB6E631BCCE89137C8B.juri_node2?numeroRegistro=1&amp;totalLinhas=1&amp;linhasPorPagina=10&amp;numeroUnico=1.0024.13.108447-7%2F001&amp;pesquisaNumeroCNJ=Pesquisar\" target=\"_blank\" rel=\"noopener\" data-slimstat=\"5\"><b>Clique aqui<\/b><\/a><\/p>\n<\/div>\n\t\t\t\t\t<\/div>\n\t\t\t\t<\/div>\n\t\t\t\t\t<\/div>\n\t\n\t\t<div class=\"faq-accordion \" id=\"faq-accordion-4\" data-accordion-group data-conf=\"{&quot;single_open&quot;:&quot;true&quot;,&quot;transition_speed&quot;:300}\">\n\t\t\t\t\t\t\t<div data-accordion class=\"faq-main\">\n\t\t\t\t\t<div data-control class=\"faq-title\">\n\t\t\t\t\t\t<h4>Espa\u00e7o Ambiental Protegido e \u00c1rea de Risco \u2013 n\u00ba do ac\u00f3rd\u00e3o 1.0090.14.000094-5\/001<\/h4>\n\t\t\t\t\t<\/div>\n\t\t\t\t\t<div data-content>\n\t\t\t\t\t\t\t\t\t\t\t\t<div class=\"faq-content\"><p><b>Espa\u00e7o Ambiental Protegido e \u00c1rea de Risco \u2013 n\u00ba do ac\u00f3rd\u00e3o 1.0090.14.000094-5\/001<\/b><\/p>\n<p><b>Processo:\u00a0<\/b>Agravo de Instrumento<b>\u00a0| N\u00famero:\u00a0<\/b>1.0090.14.000094-5\/001<\/p>\n<p><b>C\u00e2mara C\u00edvel:\u00a0<\/b>3\u00aa \u00a0\u00a0<b>\u00a0\u00a0Relator(a):\u00a0<\/b>Des.(a) Judimar Biber<\/p>\n<p><b>Data de Julgamento:\u00a0<\/b>12\/11\/2015<\/p>\n<p><b>Data da publica\u00e7\u00e3o da s\u00famula:\u00a0<\/b>25\/11\/2015<\/p>\n<p><b>Requerente na 1\u00aa inst\u00e2ncia:\u00a0<\/b>Minist\u00e9rio P\u00fablico do Estado de Minas Gerais<\/p>\n<p><b>Requerido na 1\u00aa inst\u00e2ncia:\u00a0<\/b>Munic\u00edpio de Brumadinho<\/p>\n<p><b>Votos vencedores:\u00a0<\/b>Des.(a) Judimar Biber e Des. Maur\u00edcio Torres Soares<\/p>\n<p><b>Votos vencidos:\u00a0<\/b>Des. Jair Var\u00e3o<\/p>\n<p><b>Observa\u00e7\u00f5es:\u00a0<\/b>Trata-se de ocupa\u00e7\u00e3o em \u00e1rea de preserva\u00e7\u00e3o permanente sujeita a alagamento. O Tribunal entendeu que o munic\u00edpio n\u00e3o \u00e9 obrigado a apresentar um plano de remo\u00e7\u00e3o dos moradores no prazo de 90 dias em virtude de aus\u00eancia de iminente risco ambiental, embora mantida a necessidade de identifica\u00e7\u00e3o dos moradores. O voto vencido entendeu que o munic\u00edpio deve apresentar o plano de remo\u00e7\u00e3o, argumentando que o poder p\u00fablico n\u00e3o pode alegar aus\u00eancia de recursos or\u00e7ament\u00e1rios.<\/p>\n<p><b>Inteiro Teor:\u00a0<\/b><a href=\"http:\/\/www5.tjmg.jus.br\/jurisprudencia\/pesquisaNumeroCNJEspelhoAcordao.do?numeroRegistro=1&amp;totalLinhas=1&amp;linhasPorPagina=10&amp;numeroUnico=1.0090.14.000094-5%2F001&amp;pesquisaNumeroCNJ=Pesquisar\" target=\"_blank\" rel=\"noopener\" data-slimstat=\"5\"><b>Clique aqui<\/b><\/a><\/p>\n<\/div>\n\t\t\t\t\t<\/div>\n\t\t\t\t<\/div>\n\t\t\t\t\t<\/div>\n\t\n<\/div>\n\t\t\t\t\t<\/div>\n\t\t\t\t<\/div>\n\t\t\t\t\t<\/div>\n\t\n","protected":false},"excerpt":{"rendered":"","protected":false},"author":1,"featured_media":0,"parent":0,"menu_order":0,"comment_status":"closed","ping_status":"closed","template":"","meta":{"footnotes":""},"class_list":["post-378","page","type-page","status-publish","hentry"],"_links":{"self":[{"href":"https:\/\/rehabitare.direito.ufmg.br\/index.php?rest_route=\/wp\/v2\/pages\/378"}],"collection":[{"href":"https:\/\/rehabitare.direito.ufmg.br\/index.php?rest_route=\/wp\/v2\/pages"}],"about":[{"href":"https:\/\/rehabitare.direito.ufmg.br\/index.php?rest_route=\/wp\/v2\/types\/page"}],"author":[{"embeddable":true,"href":"https:\/\/rehabitare.direito.ufmg.br\/index.php?rest_route=\/wp\/v2\/users\/1"}],"replies":[{"embeddable":true,"href":"https:\/\/rehabitare.direito.ufmg.br\/index.php?rest_route=%2Fwp%2Fv2%2Fcomments&post=378"}],"version-history":[{"count":6,"href":"https:\/\/rehabitare.direito.ufmg.br\/index.php?rest_route=\/wp\/v2\/pages\/378\/revisions"}],"predecessor-version":[{"id":1192,"href":"https:\/\/rehabitare.direito.ufmg.br\/index.php?rest_route=\/wp\/v2\/pages\/378\/revisions\/1192"}],"wp:attachment":[{"href":"https:\/\/rehabitare.direito.ufmg.br\/index.php?rest_route=%2Fwp%2Fv2%2Fmedia&parent=378"}],"curies":[{"name":"wp","href":"https:\/\/api.w.org\/{rel}","templated":true}]}}

<div class="faq-accordion " id="faq-accordion-1" data-accordion-group data-conf="{&quot;single_open&quot;:&quot;true&quot;,&quot;transition_speed&quot;:300}">
							<div data-accordion class="faq-main">
					<div data-control class="faq-title">
						<h4>Outros</h4>
					</div>
					<div data-content>
												<div class="faq-content">		<div class="faq-accordion " id="faq-accordion-2" data-accordion-group data-conf="{&quot;single_open&quot;:&quot;true&quot;,&quot;transition_speed&quot;:300}">
							<div data-accordion class="faq-main">
					<div data-control class="faq-title">
						<h4>Área de Risco – nº do acórdão 1.0024.09.653909-3/001</h4>
					</div>
					<div data-content>
												<div class="faq-content"><p><b>Área de Risco – nº do acórdão 1.0024.09.653909-3/001</b></p>
<p><b>Processo: </b>Agravo de Instrumento<b> | Número: </b>1.0024.09.653909-3/001</p>
<p><b>Câmara Cível: </b>4ª  <b>         Relator(a): </b>Des Moreira Diniz</p>
<p><b>Data de Julgamento: </b>03/12/2009</p>
<p><b>Data da publicação da súmula: </b>17/12/2009</p>
<p><b>Requerente na 1ª instância: </b>Município de Belo Horizonte</p>
<p><b>Requerido na 1ª instância: </b>Tricia</p>
<p><b>Deferimento da Remoção: </b>Sim</p>
<p><b>Votos vencedores: </b>Des Moreira Diniz, Des. Dárcio Lopardi Mendes E Des. Almeida Melo.</p>
<p><b>Votos vencidos: </b>Não tem</p>
<p><b>Fundamentos para o Deferimento: </b>Área de risco</p>
<p><b>Observações: </b>O Tribunal decidiu pela remoção de moradora, que tinha se recusado a sair de local considerado de risco, inclusive assumindo expressamente o ônus da sua decisão.</p>
<p><b>Inteiro Teor: </b><a href="http://www5.tjmg.jus.br/jurisprudencia/pesquisaNumeroCNJEspelhoAcordao.do;jsessionid=7A79D91BC126C5072FFE3CDDBB7DEA77.juri_node1?numeroRegistro=1&amp;totalLinhas=1&amp;linhasPorPagina=10&amp;numeroUnico=1.0024.09.653909-3%2F001&amp;pesquisaNumeroCNJ=Pesquisar" target="_blank" rel="noopener" data-slimstat="5"><b>Clique aqui</b></a></p>
</div>
					</div>
				</div>
					</div>
	
		<div class="faq-accordion " id="faq-accordion-3" data-accordion-group data-conf="{&quot;single_open&quot;:&quot;true&quot;,&quot;transition_speed&quot;:300}">
							<div data-accordion class="faq-main">
					<div data-control class="faq-title">
						<h4>Área de Risco nº do acórdão 1.0024.13.108447-7/001</h4>
					</div>
					<div data-content>
												<div class="faq-content"><p><b>Área de Risco nº do acórdão 1.0024.13.108447-7/001</b></p>
<p><b>Processo: </b>Agravo de Instrumento<b> | Número: </b>1.0024.13.108447-7/001</p>
<p><b>Câmara Cível: </b>1ª <b>       Relator(a): </b>Des.(a) Armando Freire</p>
<p><b>Data de Julgamento: </b>01/07/2014</p>
<p><b>Data da publicação da súmula: </b>11/07/2014</p>
<p><b>Requerente na 1ª instância: </b>Defensoria Pública do Estado de Minas Gerais</p>
<p><b>Requerido na 1ª instância: </b>Município de Belo Horizonte, Companhia Urbanizadora e de Habitação De Belo Horizonte – URBEL</p>
<p><b>Deferimento da Remoção: </b>Sim</p>
<p><b>Votos vencedores:</b> Des.(a) Armando Freire; Des. Eduardo Andrade; Des. Geraldo Augusto</p>
<p><b>Votos vencidos: </b>Não tem</p>
<p><b>Fundamentos para o Deferimento: </b>Estatuto da Cidade e Área de Risco</p>
<p><b>Observações: </b>O Tribunal determinou que o Poder Público realize as seguintes ações: i) projeto preliminar de estudos de engenharia, arquitetura e geologia; ii) relatório de cadastramento social das 69 (sessenta e nove) famílias envolvidas; inclusão das famílias na Política de Habitação do Município; relatório descritivo fotográfico das unidades habitacionais provisórias. Na impossibilidade de realizar o referido abrigamento, o Tribunal deferiu o pagamento de R$ 700,00 a título de bolsa aluguel.</p>
<p><b>Inteiro Teor: </b><a href="http://www5.tjmg.jus.br/jurisprudencia/pesquisaNumeroCNJEspelhoAcordao.do;jsessionid=CC9A1F8EDEC58DB6E631BCCE89137C8B.juri_node2?numeroRegistro=1&amp;totalLinhas=1&amp;linhasPorPagina=10&amp;numeroUnico=1.0024.13.108447-7%2F001&amp;pesquisaNumeroCNJ=Pesquisar" target="_blank" rel="noopener" data-slimstat="5"><b>Clique aqui</b></a></p>
</div>
					</div>
				</div>
					</div>
	
		<div class="faq-accordion " id="faq-accordion-4" data-accordion-group data-conf="{&quot;single_open&quot;:&quot;true&quot;,&quot;transition_speed&quot;:300}">
							<div data-accordion class="faq-main">
					<div data-control class="faq-title">
						<h4>Espaço Ambiental Protegido e Área de Risco – nº do acórdão 1.0090.14.000094-5/001</h4>
					</div>
					<div data-content>
												<div class="faq-content"><p><b>Espaço Ambiental Protegido e Área de Risco – nº do acórdão 1.0090.14.000094-5/001</b></p>
<p><b>Processo: </b>Agravo de Instrumento<b> | Número: </b>1.0090.14.000094-5/001</p>
<p><b>Câmara Cível: </b>3ª   <b>  Relator(a): </b>Des.(a) Judimar Biber</p>
<p><b>Data de Julgamento: </b>12/11/2015</p>
<p><b>Data da publicação da súmula: </b>25/11/2015</p>
<p><b>Requerente na 1ª instância: </b>Ministério Público do Estado de Minas Gerais</p>
<p><b>Requerido na 1ª instância: </b>Município de Brumadinho</p>
<p><b>Votos vencedores: </b>Des.(a) Judimar Biber e Des. Maurício Torres Soares</p>
<p><b>Votos vencidos: </b>Des. Jair Varão</p>
<p><b>Observações: </b>Trata-se de ocupação em área de preservação permanente sujeita a alagamento. O Tribunal entendeu que o município não é obrigado a apresentar um plano de remoção dos moradores no prazo de 90 dias em virtude de ausência de iminente risco ambiental, embora mantida a necessidade de identificação dos moradores. O voto vencido entendeu que o município deve apresentar o plano de remoção, argumentando que o poder público não pode alegar ausência de recursos orçamentários.</p>
<p><b>Inteiro Teor: </b><a href="http://www5.tjmg.jus.br/jurisprudencia/pesquisaNumeroCNJEspelhoAcordao.do?numeroRegistro=1&amp;totalLinhas=1&amp;linhasPorPagina=10&amp;numeroUnico=1.0090.14.000094-5%2F001&amp;pesquisaNumeroCNJ=Pesquisar" target="_blank" rel="noopener" data-slimstat="5"><b>Clique aqui</b></a></p>
</div>
					</div>
				</div>
					</div>
	
</div>
					</div>
				</div>
					</div>
