{"id":8,"date":"2018-01-09T11:58:39","date_gmt":"2018-01-09T13:58:39","guid":{"rendered":"http:\/\/150.164.250.80\/rehabitare\/?page_id=8"},"modified":"2018-04-19T12:39:51","modified_gmt":"2018-04-19T15:39:51","slug":"sobre","status":"publish","type":"page","link":"https:\/\/rehabitare.direito.ufmg.br\/?page_id=8","title":{"rendered":"Julgados"},"content":{"rendered":"<p style=\"text-align: justify;\"><span style=\"font-weight: 400;\">Nesta aba s\u00e3o disponibilizados as decis\u00f5es judiciais do Tribunal de Justi\u00e7a de Minas Gerais no tocante \u00e0 luta pelo direito \u00e0 moradia adequada. Os julgados foram inicialmente classificados em tr\u00eas grandes \u00e1reas: <a href=\"http:\/\/rehabitare.direito.ufmg.br\/?page_id=689\" target=\"_blank\" rel=\"noopener\">Regulariza\u00e7\u00e3o Fundi\u00e1ria<\/a>, <a href=\"http:\/\/rehabitare.direito.ufmg.br\/?page_id=269\" target=\"_blank\" rel=\"noopener\">Reintegra\u00e7\u00e3o de Posse<\/a> e <a href=\"http:\/\/rehabitare.direito.ufmg.br\/?page_id=253\" target=\"_blank\" rel=\"noopener\">Remo\u00e7\u00e3o For\u00e7ada<\/a>.\u00a0<\/span><span style=\"font-weight: 400;\">Como subcategorias de Regulariza\u00e7\u00e3o Fundi\u00e1ria apontamos <\/span><a href=\"http:\/\/rehabitare.direito.ufmg.br\/?page_id=230\" target=\"_blank\" rel=\"noopener\"><span style=\"font-weight: 400;\">Usucapi\u00e3o<\/span><\/a><span style=\"font-weight: 400;\">, <\/span><a href=\"http:\/\/rehabitare.direito.ufmg.br\/?page_id=235\" target=\"_blank\" rel=\"noopener\"><span style=\"font-weight: 400;\">Concess\u00e3o de Uso Especial<\/span><\/a><span style=\"font-weight: 400;\">, <\/span><a href=\"http:\/\/rehabitare.direito.ufmg.br\/?page_id=241\" target=\"_blank\" rel=\"noopener\"><span style=\"font-weight: 400;\">Concess\u00e3o de Direito Real de Uso<\/span><\/a><span style=\"font-weight: 400;\">, <\/span><a href=\"http:\/\/rehabitare.direito.ufmg.br\/?page_id=247\" target=\"_blank\" rel=\"noopener\"><span style=\"font-weight: 400;\">Demarca\u00e7\u00e3o Urban\u00edstica<\/span><\/a><span style=\"font-weight: 400;\"> e <\/span><a href=\"http:\/\/rehabitare.direito.ufmg.br\/?page_id=267\" target=\"_blank\" rel=\"noopener\"><span style=\"font-weight: 400;\">Outros<\/span><\/a><span style=\"font-weight: 400;\">. Na aba <\/span><span style=\"font-weight: 400;\">Reintegra\u00e7\u00e3o de Poss<\/span><span style=\"font-weight: 400;\">e<\/span><span style=\"font-weight: 400;\"> preferimos n\u00e3o incluir subcategorias. Em Remo\u00e7\u00e3o For\u00e7ada, optamos por enfatizar <\/span><a href=\"http:\/\/rehabitare.direito.ufmg.br\/?page_id=255\" target=\"_blank\" rel=\"noopener\"><span style=\"font-weight: 400;\">Indeniza\u00e7\u00e3o<\/span><\/a><span style=\"font-weight: 400;\">, <\/span><a href=\"http:\/\/rehabitare.direito.ufmg.br\/?page_id=261\" target=\"_blank\" rel=\"noopener\"><span style=\"font-weight: 400;\">Reassentamento<\/span><\/a> <span style=\"font-weight: 400;\">e <\/span><a href=\"http:\/\/rehabitare.direito.ufmg.br\/?page_id=378\" target=\"_blank\" rel=\"noopener\"><span style=\"font-weight: 400;\">Outros<\/span><\/a><span style=\"font-weight: 400;\">). Posteriormente foram separadas pelo resultado final (deferimento ou indeferimento).<\/span><\/p>\n<p style=\"text-align: justify;\"><span style=\"font-weight: 400;\">Esta colet\u00e2nea \u00e9 fruto de trabalho de pesquisa e an\u00e1lise docente e discente na Faculdade de Direito e Ci\u00eancias do Estado da UFMG e da FUMEC.<\/span><\/p>\n","protected":false},"excerpt":{"rendered":"<p>Nesta aba s\u00e3o disponibilizados as decis\u00f5es judiciais do Tribunal de Justi\u00e7a de Minas Gerais no tocante \u00e0 luta pelo direito \u00e0 moradia adequada. Os julgados [&hellip;] <span class=\"read-more-link\"><a class=\"read-more\" href=\"https:\/\/rehabitare.direito.ufmg.br\/?page_id=8\">Read More<\/a><\/span><\/p>\n","protected":false},"author":1,"featured_media":0,"parent":0,"menu_order":0,"comment_status":"closed","ping_status":"closed","template":"","meta":{"footnotes":""},"class_list":["post-8","page","type-page","status-publish","hentry"],"_links":{"self":[{"href":"https:\/\/rehabitare.direito.ufmg.br\/index.php?rest_route=\/wp\/v2\/pages\/8"}],"collection":[{"href":"https:\/\/rehabitare.direito.ufmg.br\/index.php?rest_route=\/wp\/v2\/pages"}],"about":[{"href":"https:\/\/rehabitare.direito.ufmg.br\/index.php?rest_route=\/wp\/v2\/types\/page"}],"author":[{"embeddable":true,"href":"https:\/\/rehabitare.direito.ufmg.br\/index.php?rest_route=\/wp\/v2\/users\/1"}],"replies":[{"embeddable":true,"href":"https:\/\/rehabitare.direito.ufmg.br\/index.php?rest_route=%2Fwp%2Fv2%2Fcomments&post=8"}],"version-history":[{"count":15,"href":"https:\/\/rehabitare.direito.ufmg.br\/index.php?rest_route=\/wp\/v2\/pages\/8\/revisions"}],"predecessor-version":[{"id":1268,"href":"https:\/\/rehabitare.direito.ufmg.br\/index.php?rest_route=\/wp\/v2\/pages\/8\/revisions\/1268"}],"wp:attachment":[{"href":"https:\/\/rehabitare.direito.ufmg.br\/index.php?rest_route=%2Fwp%2Fv2%2Fmedia&parent=8"}],"curies":[{"name":"wp","href":"https:\/\/api.w.org\/{rel}","templated":true}]}}